{"id":141,"date":"2018-12-04T16:38:33","date_gmt":"2018-12-04T15:38:33","guid":{"rendered":"http:\/\/mairiedebailly60.fr\/?page_id=141"},"modified":"2025-10-20T10:18:53","modified_gmt":"2025-10-20T08:18:53","slug":"histoire-de-bailly","status":"publish","type":"page","link":"https:\/\/mairiedebailly60.fr\/?page_id=141","title":{"rendered":"HISTOIRE DE BAILLY"},"content":{"rendered":"<p>Le village de Bailly est situ\u00e9 sur la rive gauche de l&rsquo;Oise.<\/p>\n<p>Bailly tiendrait son nom du latin \u00ab\u00a0Baillium\u00a0\u00bb d\u00fb \u00e0 l&rsquo;existence d&rsquo;un fort dont on a pu retrouver des vestiges de foss\u00e9s et de souterrains. Ce fort fut occup\u00e9 par les Normands au IX<sup>e<\/sup>&nbsp;si\u00e8cle.<\/p>\n<p>La terre de Bailly relevait du comt\u00e9 de Noyon. C&rsquo;\u00e9tait un fief du domaine royal sous-inf\u00e9od\u00e9 par les \u00e9v\u00eaques \u00e0 des chevaliers qui prirent le titre de seigneurs de Bailly&nbsp;: Guy et Jean B\u00e4es de Bailly, Enguerrand de Guynes, Philippe de Coucy, Jean II, Jean de B\u00e9thune, Jean et Gauthier de Hennin, Hugues et Bertrand du Bois, Guillaume de Marafin.<\/p>\n<p>L&rsquo;abbaye d&rsquo;Ourscamp resta propri\u00e9taire de la terre de Bailly jusqu&rsquo;\u00e0 la R\u00e9volution. Le ch\u00e2teau servait de r\u00e9sidence d&rsquo;\u00e9t\u00e9 et permettait de surveiller le travail des paysans dans les champs et les \u00e9tangs, dont les poissons \u00e9taient destin\u00e9s \u00e0 la consommation des religieux.<\/p>\n<p>Bailly et ses deux ch\u00e2teaux furent totalement ras\u00e9s pendant la Premi\u00e8re Guerre mondiale.<\/p>\n<p>Le monument aux morts, inaugur\u00e9 le dimanche 18 juin 1922, devant le cimeti\u00e8re, a \u00e9t\u00e9 \u00e9lev\u00e9 pour les treize enfants de la commune tomb\u00e9s au champ d&rsquo;honneur.<\/p>\n","protected":false},"excerpt":{"rendered":"<p>Le village de Bailly est situ\u00e9 sur la rive gauche de l&rsquo;Oise. Bailly tiendrait son nom du latin \u00ab\u00a0Baillium\u00a0\u00bb d\u00fb \u00e0 l&rsquo;existence d&rsquo;un fort dont on a pu retrouver des vestiges de foss\u00e9s et de souterrains. Ce fort fut occup\u00e9 par les Normands au IXe&nbsp;si\u00e8cle. La terre de Bailly relevait du comt\u00e9 de Noyon. C&rsquo;\u00e9tait &hellip; <\/p>\n<p class=\"link-more\"><a href=\"https:\/\/mairiedebailly60.fr\/?page_id=141\" class=\"more-link\">Continuer la lecture<span class=\"screen-reader-text\"> de &laquo;&nbsp;HISTOIRE DE BAILLY&nbsp;&raquo;<\/span><\/a><\/p>\n","protected":false},"author":1,"featured_media":165,"parent":0,"menu_order":0,"comment_status":"closed","ping_status":"closed","template":"","meta":[],"_links":{"self":[{"href":"https:\/\/mairiedebailly60.fr\/index.php?rest_route=\/wp\/v2\/pages\/141"}],"collection":[{"href":"https:\/\/mairiedebailly60.fr\/index.php?rest_route=\/wp\/v2\/pages"}],"about":[{"href":"https:\/\/mairiedebailly60.fr\/index.php?rest_route=\/wp\/v2\/types\/page"}],"author":[{"embeddable":true,"href":"https:\/\/mairiedebailly60.fr\/index.php?rest_route=\/wp\/v2\/users\/1"}],"replies":[{"embeddable":true,"href":"https:\/\/mairiedebailly60.fr\/index.php?rest_route=%2Fwp%2Fv2%2Fcomments&post=141"}],"version-history":[{"count":3,"href":"https:\/\/mairiedebailly60.fr\/index.php?rest_route=\/wp\/v2\/pages\/141\/revisions"}],"predecessor-version":[{"id":638,"href":"https:\/\/mairiedebailly60.fr\/index.php?rest_route=\/wp\/v2\/pages\/141\/revisions\/638"}],"wp:featuredmedia":[{"embeddable":true,"href":"https:\/\/mairiedebailly60.fr\/index.php?rest_route=\/wp\/v2\/media\/165"}],"wp:attachment":[{"href":"https:\/\/mairiedebailly60.fr\/index.php?rest_route=%2Fwp%2Fv2%2Fmedia&parent=141"}],"curies":[{"name":"wp","href":"https:\/\/api.w.org\/{rel}","templated":true}]}}